{"id":24,"date":"2013-01-04T18:06:59","date_gmt":"2013-01-04T17:06:59","guid":{"rendered":"http:\/\/www.villalenty.cz\/?page_id=24"},"modified":"2022-03-08T22:22:18","modified_gmt":"2022-03-08T21:22:18","slug":"kedernictvi","status":"publish","type":"page","link":"http:\/\/www.villalenti.cz\/?page_id=24","title":{"rendered":"KADE\u0158NICTV\u00cd"},"content":{"rendered":"<p><img decoding=\"async\" loading=\"lazy\" class=\" wp-image-572 alignleft\" src=\"http:\/\/www.villalenti.cz\/wp-content\/uploads\/Loreal_professionnel_top.png\" alt=\"Loreal_professionnel\" width=\"189\" height=\"46\" \/><\/p>\n<p style=\"text-align: justify;\">Profesion\u00e1ln\u00ed kade\u0159nice pracuj\u00ed v\u00fdhradn\u011b se sv\u011btovou francouzskou zna\u010dkou L\u00b4OR\u00c9AL PROFESSIONNEL PARIS, kter\u00e1 \u0161\u00ed\u0159\u00ed d\u016fle\u017eitou my\u0161lenku &#8211; ka\u017ed\u00e1 \u017eena je&nbsp;nejen odli\u0161n\u00e1,\u00a0ale ka\u017ed\u00e1 je&nbsp;tak\u00e9 jedine\u010dn\u00e1. Pr\u00e1v\u011b proto je&nbsp;mottem L\u00b4OR\u00c9AL PROFESSIONNEL PARIS <b>\u201ev\u0161echny jin\u00e9, ka\u017ed\u00e1 jedine\u010dn\u00e1&#8220;<\/b>.<\/p>\n<p style=\"text-align: justify;\">V\u00fdsledkem \u00fazk\u00e9 spolupr\u00e1ce se sv\u011btov\u00fdmi presti\u017en\u00edmi kade\u0159n\u00edky jsou ve\u0161ker\u00e9 p\u0159\u00edpravky. Spojuj\u00ed v&nbsp;sob\u011b odborn\u00e9 zku\u0161enosti a&nbsp;nov\u00e9 technologie laborato\u0159\u00ed L\u00b4OR\u00c9AL PROFESSIONNEL PARIS s&nbsp;porozum\u011bn\u00edm pro&nbsp;kreativitu a&nbsp;techniky \u00fapravy vlas\u016f.<\/p>\n<p style=\"text-align: justify;\">Na na\u0161e kade\u0159nice je&nbsp;kladen velk\u00fd d\u016fraz na&nbsp;poskytov\u00e1n\u00ed nadstandardn\u00ed individu\u00e1ln\u00ed p\u00e9\u010de, kter\u00e9 s\u00a0naprostou p\u0159ednost\u00ed ur\u010d\u00ed diagnostiku vlas\u016f, odborn\u00e9 poradenstv\u00ed a&nbsp;n\u00e1slednou dom\u00e1c\u00ed p\u00e9\u010di o&nbsp;vlasy.<\/p>\n<p style=\"text-align: justify;\">N\u00e1\u0161 profesion\u00e1ln\u00ed t\u00fdm pravideln\u011b absolvuje \u0161kolen\u00ed o&nbsp;inovac\u00edch zna\u010dky L\u00b4OR\u00c9AL PROFESSIONNEL PARIS, kde jsou pod p\u0159\u00edsn\u00fdm dohledem tzv. ambasador\u016f.<\/p>\n<p style=\"text-align: center; display: block; overflow: hidden; clear: left;\">\n","protected":false},"excerpt":{"rendered":"<p>Profesion\u00e1ln\u00ed kade\u0159nice pracuj\u00ed v\u00fdhradn\u011b se sv\u011btovou francouzskou zna\u010dkou L\u00b4OR\u00c9AL PROFESSIONNEL PARIS, kter\u00e1 \u0161\u00ed\u0159\u00ed d\u016fle\u017eitou my\u0161lenku &#8211; ka\u017ed\u00e1 \u017eena je&nbsp;nejen odli\u0161n\u00e1,\u00a0ale ka\u017ed\u00e1 je&nbsp;tak\u00e9 jedine\u010dn\u00e1. Pr\u00e1v\u011b proto je&nbsp;mottem L\u00b4OR\u00c9AL PROFESSIONNEL PARIS \u201ev\u0161echny jin\u00e9, ka\u017ed\u00e1 jedine\u010dn\u00e1&#8220;. V\u00fdsledkem \u00fazk\u00e9 spolupr\u00e1ce se sv\u011btov\u00fdmi presti\u017en\u00edmi kade\u0159n\u00edky jsou ve\u0161ker\u00e9 p\u0159\u00edpravky. Spojuj\u00ed v&nbsp;sob\u011b odborn\u00e9 zku\u0161enosti a&nbsp;nov\u00e9 technologie laborato\u0159\u00ed L\u00b4OR\u00c9AL PROFESSIONNEL PARIS s&nbsp;porozum\u011bn\u00edm pro&nbsp;kreativitu [&hellip;]<\/p>\n","protected":false},"author":3,"featured_media":0,"parent":0,"menu_order":0,"comment_status":"closed","ping_status":"closed","template":"","meta":{"_mi_skip_tracking":false},"_links":{"self":[{"href":"http:\/\/www.villalenti.cz\/index.php?rest_route=\/wp\/v2\/pages\/24"}],"collection":[{"href":"http:\/\/www.villalenti.cz\/index.php?rest_route=\/wp\/v2\/pages"}],"about":[{"href":"http:\/\/www.villalenti.cz\/index.php?rest_route=\/wp\/v2\/types\/page"}],"author":[{"embeddable":true,"href":"http:\/\/www.villalenti.cz\/index.php?rest_route=\/wp\/v2\/users\/3"}],"replies":[{"embeddable":true,"href":"http:\/\/www.villalenti.cz\/index.php?rest_route=%2Fwp%2Fv2%2Fcomments&post=24"}],"version-history":[{"count":83,"href":"http:\/\/www.villalenti.cz\/index.php?rest_route=\/wp\/v2\/pages\/24\/revisions"}],"predecessor-version":[{"id":1033,"href":"http:\/\/www.villalenti.cz\/index.php?rest_route=\/wp\/v2\/pages\/24\/revisions\/1033"}],"wp:attachment":[{"href":"http:\/\/www.villalenti.cz\/index.php?rest_route=%2Fwp%2Fv2%2Fmedia&parent=24"}],"curies":[{"name":"wp","href":"https:\/\/api.w.org\/{rel}","templated":true}]}}

KADEŘNICTVÍ

<p><img decoding="async" loading="lazy" class=" wp-image-572 alignleft" src="http://www.villalenti.cz/wp-content/uploads/Loreal_professionnel_top.png" alt="Loreal_professionnel" width="189" height="46" /></p>
<p style="text-align: justify;">Profesionální kadeřnice pracují výhradně se světovou francouzskou značkou L´ORÉAL PROFESSIONNEL PARIS, která šíří důležitou myšlenku &#8211; každá žena je&nbsp;nejen odlišná, ale každá je&nbsp;také jedinečná. Právě proto je&nbsp;mottem L´ORÉAL PROFESSIONNEL PARIS <b>„všechny jiné, každá jedinečná&#8220;</b>.</p>
<p style="text-align: justify;">Výsledkem úzké spolupráce se světovými prestižními kadeřníky jsou veškeré přípravky. Spojují v&nbsp;sobě odborné zkušenosti a&nbsp;nové technologie laboratoří L´ORÉAL PROFESSIONNEL PARIS s&nbsp;porozuměním pro&nbsp;kreativitu a&nbsp;techniky úpravy vlasů.</p>
<p style="text-align: justify;">Na naše kadeřnice je&nbsp;kladen velký důraz na&nbsp;poskytování nadstandardní individuální péče, které s naprostou předností určí diagnostiku vlasů, odborné poradenství a&nbsp;následnou domácí péči o&nbsp;vlasy.</p>
<p style="text-align: justify;">Náš profesionální tým pravidelně absolvuje školení o&nbsp;inovacích značky L´ORÉAL PROFESSIONNEL PARIS, kde jsou pod přísným dohledem tzv. ambasadorů.</p>
<p style="text-align: center; display: block; overflow: hidden; clear: left;">

<p>Profesionální kadeřnice pracují výhradně se světovou francouzskou značkou L´ORÉAL PROFESSIONNEL PARIS, která šíří důležitou myšlenku &#8211; každá žena je&nbsp;nejen odlišná, ale každá je&nbsp;také jedinečná. Právě proto je&nbsp;mottem L´ORÉAL PROFESSIONNEL PARIS „všechny jiné, každá jedinečná&#8220;. Výsledkem úzké spolupráce se světovými prestižními kadeřníky jsou veškeré přípravky. Spojují v&nbsp;sobě odborné zkušenosti a&nbsp;nové technologie laboratoří L´ORÉAL PROFESSIONNEL PARIS s&nbsp;porozuměním pro&nbsp;kreativitu [&hellip;]</p>
